 - 11*u**2 - 29*u - 68. What is i(-3)?
271
Let u(n) = 593*n**3 - 10*n**2 - 81*n - 72. Calculate u(-1).
-594
Let d(r) = -2695*r + 16752. Determine d(6).
582
Let p(m) = -1734*m - 64129. Determine p(-37).
29
Let g(j) = -4519*j**2 + 76835*j - 66. What is g(17)?
138
Let h(o) = -22*o**2 - 231*o - 449. Give h(-8).
-9
Let p(q) = -2*q**3 + 2*q**2 + 205*q + 58. Calculate p(-12).
1342
Let v(q) = -3*q**3 - 68*q**2 - 789*q - 16393. Determine v(-22).
-3
Let y(l) = 2*l**3 + 135*l**2 + 544*l - 1463. Determine y(-63).
-14
Let q(c) = -4*c**3 + 129*c**2 + 21*c - 2287. Calculate q(32).
-591
Let b(y) = y**3 + 11*y**2 - 165*y - 1090. What is b(-17)?
-19
Let d(k) = -k**2 + 1566*k - 559256. Calculate d(1015).
9
Let m(g) = -20*g**2 + 693*g - 2235. Give m(31).
28
Let v(t) = -2222*t + 24402. What is v(11)?
-40
Let f(k) = -3528*k**2 + 67049*k - 323. Calculate f(19).
0
Let t(i) = 10764*i - 365986. Give t(34).
-10
Let n(l) = -5*l**2 - 1401*l + 33233. What is n(22)?
-9
Let q(d) = -1217*d - 86461. Give q(-71).
-54
Let p(t) = 2*t**3 + 54*t**2 + 288*t - 161. Give p(-19).
143
Let w(a) = -713*a + 11371. What is w(16)?
-37
Let f(b) = 406*b - 38805. What is f(95)?
-235
Let g(w) = w**3 + 425*w**2 + 12215*w - 12. Calculate g(-31).
-43
Let j(r) = r**2 + 56252*r + 168756. Calculate j(-3).
9
Let m(d) = -2*d**2 + 168926*d + 5914853. Determine m(-35).
-7
Let c(i) = 142*i**2 + 9086*i - 107. What is c(-64)?
21
Let g(m) = -11*m**3 + 353*m**2 - 46*m + 426. Give g(32).
-22
Let x(p) = 1106*p**2 - 5238*p + 20. Give x(5).
1480
Let y(i) = -65637*i + 590739. Determine y(9).
6
Let i(p) = -315*p + 2215. Give i(6).
325
Let x(i) = 10*i**2 - 916*i - 801. Calculate x(93).
501
Let x(s) = 33*s + 8886. Determine x(-77).
6345
Let f(a) = a**3 + 50*a**2 + 7*a + 106. Determine f(-50).
-244
Let d(f) = -32*f**2 + 1541*f - 13822. Determine d(9).
-2545
Let n(j) = 618*j - 55586. Determine n(90).
34
Let i(z) = -81*z**2 + 173*z + 174. Calculate i(0).
174
Let z(o) = 403128*o + 2418769. Determine z(-6).
1
Let i(m) = -419*m - 12574. Calculate i(-30).
-4
Let z(f) = 52*f**3 - 103*f**2 + 353*f + 5. Give z(3).
1541
Let q(h) = -h**3 + 16*h**2 - 21*h - 299. What is q(9)?
79
Let g(m) = 82*m**2 + 5332*m - 308. Determine g(-65).
-438
Let z(m) = 2*m**3 + 6*m**2 - 655*m + 426. Determine z(-20).
-74
Let o(m) = 386*m - 6596. Give o(24).
2668
Let b(z) = z**3 - 9*z**2 - 310*z + 3174. Determine b(10).
174
Let s(t) = 22*t**2 - 248*t + 4. What is s(16)?
1668
Let v(i) = -2*i**2 - 240*i + 1443. Give v(6).
-69
Let l(x) = -1654*x**2 + 674821*x + 4484. Calculate l(408).
-4
Let p(a) = 16*a - 1748. What is p(113)?
60
Let t(g) = g**3 - 43*g**2 - 249*g - 21. Give t(48).
-453
Let b(d) = -6501*d + 65611. Give b(10).
601
Let a(w) = -2*w**2 - 2354*w + 43017. Give a(18).
-3
Let c(k) = 58*k**2 - 3007*k + 13194. What is c(47)?
-13
Let o(m) = -4*m**2 - 831*m + 1403. Determine o(-208).
1195
Let t(a) = -6*a**2 + 3346*a - 2221. Give t(557).
7
Let p(t) = -2791*t - 785. Calculate p(-1).
2006
Let t(l) = 2*l**3 + 335*l**2 + 166*l - 298. Calculate t(-167).
-131
Let m(o) = -26749*o + 4734568. Give m(177).
-5
Let b(c) = 2*c**2 + 387*c + 11786. Determine b(-40).
-494
Let r(q) = -2*q**2 + 6834*q - 81720. Calculate r(12).
0
Let o(i) = -i**3 + 110*i**2 - 78*i - 2458. What is o(109)?
921
Let o(r) = -r**3 - 5*r**2 - 2618*r - 10470. Calculate o(-4).
-14
Let r(t) = 27*t**3 + 485*t**2 - 20*t - 66. Give r(-18).
-30
Let a(g) = 25*g**2 - 215*g + 27. Calculate a(8).
-93
Let u(k) = 3*k**2 + 2802*k + 35922. Determine u(-13).
3
Let m(j) = -j**3 - 32*j**2 + 445*j + 14236. Calculate m(-32).
-4
Let w(c) = -2*c**3 + 46*c**2 + 48*c + 85. What is w(24)?
85
Let x(b) = -3748*b - 11244. What is x(-3)?
0
Let x(d) = 3282*d - 29299. Determine x(9).
239
Let n(q) = -q**2 + 68650*q - 960893. What is n(14)?
11
Let z(g) = 69*g - 5928. Give z(101).
1041
Let f(k) = 34*k**3 - 24*k**2 + 98*k + 15. Calculate f(5).
4155
Let o(q) = 2*q**3 - 265*q**2 - 2536*q + 352237. Give o(132).
61
Let j(g) = -141*g**2 + 4301*g - 5. What is j(31)?
-2175
Let y(o) = 3*o**3 + 54*o**2 - 231*o + 132. Calculate y(4).
264
Let i(s) = 78822*s - 1891730. Calculate i(24).
-2
Let y(f) = 207*f - 60586. Give y(293).
65
Let t(g) = -17*g**2 + 3111*g - 2989. Calculate t(182).
105
Let r(l) = 3320713*l + 6641405. What is r(-2)?
-21
Let i(n) = n**2 + 18883*n - 529512. Determine i(28).
-4
Let b(v) = v**3 + 11*v**2 - 4146*v - 20804. Determine b(-5).
76
Let g(p) = -p**3 - 80*p**2 - 487*p + 219. Calculate g(-74).
3401
Let k(l) = 2933*l - 7336. Determine k(3).
1463
Let b(l) = -136349*l + 2454288. Determine b(18).
6
Let g(f) = 2*f**2 + 70672*f + 918485. What is g(-13)?
87
Let y(k) = 686*k**2 + 162*k - 163. Give y(1).
685
Let p(g) = -30*g**2 - 1156*g - 1680. Calculate p(-37).
22
Let h(d) = 86*d**3 + 433*d**2 + 36*d + 116. Determine h(-5).
11
Let c(z) = -291*z**2 - 8493*z - 1570. Calculate c(-29).
-4
Let v(m) = 82*m**2 - 3685*m - 202. Calculate v(45).
23
Let f(v) = -147520*v - 2212808. What is f(-15)?
-8
Let n(d) = -17089*d - 67711. Calculate n(-4).
645
Let p(d) = 15*d**2 + 258*d + 259. Calculate p(-16).
-29
Let b(v) = 238653*v + 477316. Give b(-2).
10
Let m(i) = 190*i**2 - 1481*i - 297. Determine m(8).
15
Let u(z) = z**2 + 6*z - 7858. Calculate u(-92).
54
Let w(b) = 5*b**3 + 266*b**2 - 368*b - 22307. What is w(-53)?
6
Let l(b) = -39*b**2 - 75*b + 2. What is l(-1)?
38
Let k(o) = 31*o**3 - 290*o**2 - 9*o - 27. What is k(8)?
-2787
Let y(z) = z**3 + 7*z**2 - 1092*z + 4331. Calculate y(4).
139
Let r(z) = 2*z**3 + 12*z**2 - 6*z - 29. Calculate r(-6).
7
Let a(u) = -21*u**2 + 480*u - 183. Calculate a(22).
213
Let w(l) = -584*l + 15762. Determine w(36).
-5262
Let s(n) = -434*n + 58053. Calculate s(130).
1633
Let x(j) = 81*j**2 - 2019*j - 2261. What is x(26)?
1
Let y(z) = z**2 - 802*z + 43977. Calculate y(59).
140
Let v(f) = -2*f**2 - 9388*f - 46951. Give v(-5).
-61
Let q(r) = -r**2 - 35077*r + 456151. What is q(13)?
-19
Let p(t) = -t**3 + 124*t**2 - 837*t - 1779. Determine p(9).
3
Let v(d) = 821*d - 1987. Determine v(2).
-345
Let s(u) = u**3 + 819*u**2 + 15192*u - 38. Give s(-19).
114
Let o(n) = n**3 - 2*n**2 + 177*n - 1899. What is o(8)?
-99
Let y(j) = j**3 + 84*j**2 + 709*j - 8. What is y(-8)?
-816
Let z(t) = -2*t**3 + 1171*t**2 - 8062*t - 267. Calculate z(7).
-8
Let p(c) = 17935*c - 53592. Calculate p(3).
213
Let b(k) = -165665*k + 2319317. Give b(14).
7
Let f(s) = -s**3 - 186*s**2 - 2712*s + 962. Give f(-170).
-398
Let k(g) = -10216*g - 173669. What is k(-17)?
3
Let i(s) = -17*s**2 - s + 6. Determine i(-6).
-600
Let m(x) = x**3 + 30*x**2 - 92*x - 3024. What is m(-29)?
485
Let t(s) = -41*s**2 + 96*s - 482. Give t(5).
-1027
Let a(q) = 3*q**2 + 35533*q - 6. What is a(0)?
-6
Let n(d) = -1494*d + 22403. Determine n(15).
-7
Let h(q) = 3*q**3 - 9*q**2 + 1916*q + 9539. Determine h(-5).
-641
Let r(k) = -k**3 - 38*k**2 + 542*k - 118847. Give r(-70).
13
Let f(o) = 13*o**2 - 2141*o - 182. Determine f(165).
478
Let h(v) = -141*v - 8920. Determine h(-22).
-5818
Let a(c) = -40*c**3 - 628*c**2 + 197*c + 80. Give a(-16).
0
Let p(i) = 966*i + 24751. Determine p(-26).
-365
Let w(q) = q**3 - 43*q**2 + 330*q + 44. Determine w(33).
44
Let y(u) = 3*u**3 - 40*u**2 + 438*u - 5540. Calculate y(13).
-15
Let d(k) = -4508*k - 10830. Give d(-2).
-1814
Let k(u) = -2*u**3 + 29*u**2 + 990*u - 1901. Give k(30).
-101
Let z(t) = -4214*t + 101120. What is z(24)?
-16
Let a(o) = -11*o - 1649. Determine a(-66).
-923
Let d(b) = -27*b**3 + 297*b**2 + 2902*b - 31936. Determine d(11).
-14
Let z(h) = -11*h**2 - 203*h + 95. Determine z(-17).
367
Let j(b) = 17*b**2 + 11482*b + 27635. Determine j(-673).
42
Let v(m) = -m**3 - 34*m**2 + 1805*m - 1367. Give v(-63).
19
Let i(v) = -4*v**2 - 51*v + 47. Determine i(-13).
34
Let u(r) = -44619*r - 89364. Calculate u(-2).
-126
Let k(c) = 4*c**2 + 618*c - 645. Determine k(-156).
291
Let n(f) = -f**2 + 8212*f - 139318. Calculate n(17).
-3
Let l(d) = d**3 + 775*d**2 + 3077*d - 5401. What is l(-771)?
-4
Let g(q) = 10322*q - 41364. Determine g(4).
-76
Let c(d) = 2*d**3 - 109*d**2 - 32196*d + 1734. Determine c(157).
7
Let q(s) = -3*s**2 + 19921*s + 99681. Determine q(-5).
1
Let i(k) = -487701*k + 975392. What is i(2)?
-10
Let g(l) = -497*l**2 + 1529*l + 81. Calculate g(3).
195
Let n(y) = y**2 - 13597*y + 1014150. Give n(75).
0
Let w(a) = -7*a**3 + 120*a**2 